{"id":336,"date":"2021-09-21T20:14:56","date_gmt":"2021-09-22T00:14:56","guid":{"rendered":"https:\/\/reformasjoca.wordpress.com\/?page_id=336"},"modified":"2023-03-31T00:49:16","modified_gmt":"2023-03-31T00:49:16","slug":"restauracao-de-granilite","status":"publish","type":"page","link":"https:\/\/jocaobras.com\/index.php\/restauracao-de-granilite\/","title":{"rendered":"Restaura\u00e7\u00e3o de Granilite"},"content":{"rendered":"\n<div class=\"wp-block-media-text alignfull has-media-on-the-right is-stacked-on-mobile has-primary-background-color has-background\"><div class=\"wp-block-media-text__content\">\n\n<div style=\"height:64px;\" aria-hidden=\"true\" class=\"wp-block-spacer\"><\/div>\n\n\n<h1 class=\"wp-block-heading\" id=\"nossa-restauracao-exclusiva-remove-ate-99-das-manchas-do-seu-granilite\" style=\"font-size:49px;\">Nossa restaura\u00e7\u00e3o exclusiva remove at\u00e9 99% das manchas do seu Granilite * <\/h1>\n\n\n<p>Perguntas?  Envie Whatsapp j\u00e1 e fale Direto com nosso polidor, Santana.!<\/p>\n\n\n<div class=\"wp-block-button is-style-outline is-style-outline--1\"><a class=\"wp-block-button__link has-background-color has-text-color wp-element-button\" href=\"https:\/\/api.whatsapp.com\/send?phone=5511967999978\">(11) 96799-9978<\/a><\/div>\n\n\n<div style=\"height:64px;\" aria-hidden=\"true\" class=\"wp-block-spacer\"><\/div>\n\n<\/div><figure class=\"wp-block-media-text__media\"><img loading=\"lazy\" decoding=\"async\" width=\"800\" height=\"533\" src=\"https:\/\/jocaobras.com\/wp-content\/uploads\/2021\/07\/adobestock_300248363.jpeg?w=750\" alt=\"\" class=\"wp-image-28 size-full\" srcset=\"https:\/\/jocaobras.com\/wp-content\/uploads\/2021\/07\/adobestock_300248363.jpeg 800w, https:\/\/jocaobras.com\/wp-content\/uploads\/2021\/07\/adobestock_300248363-300x200.jpeg 300w, https:\/\/jocaobras.com\/wp-content\/uploads\/2021\/07\/adobestock_300248363-768x512.jpeg 768w\" sizes=\"auto, (max-width: 800px) 100vw, 800px\" \/><\/figure><\/div>\n\n\n\n<div class=\"wp-block-group alignfull has-background-background-color has-background\"><div class=\"wp-block-group__inner-container is-layout-flow wp-block-group-is-layout-flow\">\n<div style=\"height:57px\" aria-hidden=\"true\" class=\"wp-block-spacer\"><\/div>\n\n\n\n<h2 class=\"has-text-align-center wp-block-heading\" id=\"restauracao-de-granilite\">Restaura\u00e7\u00e3o de Granilite <\/h2>\n\n\n\n<hr class=\"wp-block-separator has-css-opacity\"\/>\n\n\n\n<p><span style=\"text-decoration:underline;\"><strong>Seu granilite arranhou, manchou e perdeu o brilho?<\/strong> <\/span>O granilite por ser<strong> poroso<\/strong> \u00e9 suscet\u00edvel as manchas e perca do brilho. <strong>Nosso <span style=\"text-decoration:underline;\">tratamento exclusivo<\/span> \u00e9 poderoso no tratamento de manchas e recupera\u00e7\u00e3o de brilho.<\/strong><\/p>\n\n\n\n<div class=\"wp-block-buttons is-layout-flex wp-block-buttons-is-layout-flex\">\n<div class=\"wp-block-button\"><a class=\"wp-block-button__link wp-element-button\" href=\"https:\/\/api.whatsapp.com\/send?phone=5511967999978\">Entre em Contato por WhatsApp<\/a><\/div>\n<\/div>\n\n\n\n<div style=\"height:63px\" aria-hidden=\"true\" class=\"wp-block-spacer\"><\/div>\n\n\n\n<h2 class=\"has-text-align-center margin-top-half wp-block-heading\" id=\"servicos\">Servi\u00e7os<\/h2>\n\n\n\n<p class=\"has-text-align-center\">Sobre nosso processo de<strong> restaura\u00e7\u00e3o de brilho e remo\u00e7\u00e3o de manchas:<\/strong><\/p>\n\n\n\n<hr class=\"wp-block-separator has-css-opacity\"\/>\n\n\n\n<div class=\"wp-block-columns alignwide is-layout-flex wp-container-core-columns-is-layout-1 wp-block-columns-is-layout-flex\">\n<div class=\"wp-block-column is-layout-flow wp-block-column-is-layout-flow\">\n<figure class=\"wp-block-image size-large\"><img loading=\"lazy\" decoding=\"async\" width=\"800\" height=\"534\" src=\"https:\/\/jocaobras.com\/wp-content\/uploads\/2021\/07\/adobestock_227824546.jpeg?w=750\" alt=\"\" class=\"wp-image-96\" srcset=\"https:\/\/jocaobras.com\/wp-content\/uploads\/2021\/07\/adobestock_227824546.jpeg 800w, https:\/\/jocaobras.com\/wp-content\/uploads\/2021\/07\/adobestock_227824546-300x200.jpeg 300w, https:\/\/jocaobras.com\/wp-content\/uploads\/2021\/07\/adobestock_227824546-768x513.jpeg 768w\" sizes=\"auto, (max-width: 800px) 100vw, 800px\" \/><figcaption class=\"wp-element-caption\">Raspagem de Piso e pedra Profissional, Lapida\u00e7\u00e3o de pisos e pedras, Restaura\u00e7\u00e3o de pisos e pedras, nivela\u00e7\u00e3o de pedra<\/figcaption><\/figure>\n\n\n\n<ul class=\"wp-block-list\">\n\n<li><strong>Tratamento de manchas, encardidos, riscos<\/strong> e porosidades do Granilite (<strong>Raspagem\/lapida\u00e7\u00e3o<\/strong>)<\/li>\n\n\n<li><strong>Lavagem e Limpeza<\/strong> profunda de granilite<\/li>\n\n\n<li>Tratamento de Redu\u00e7\u00e3o de absor\u00e7\u00e3o de l\u00edquidos <strong>hidrofugante<\/strong><\/li>\n\n\n<li>Recupera\u00e7\u00e3o de<strong> brilho natural (ou brilho em resinas<\/strong>)<\/li>\n\n<\/ul>\n\n\n\n<div class=\"wp-block-buttons is-layout-flex wp-block-buttons-is-layout-flex\">\n<div class=\"wp-block-button\"><a class=\"wp-block-button__link wp-element-button\" href=\"https:\/\/api.whatsapp.com\/send?phone=5511967999978\">Ligue 96799-9978<\/a><\/div>\n<\/div>\n\n\n\n<div style=\"height:100px\" aria-hidden=\"true\" class=\"wp-block-spacer\"><\/div>\n\n\n\n<h2 class=\"has-text-align-center wp-block-heading\" id=\"tipos-de-restauracao-granilite\">Tipos de Restaura\u00e7\u00e3o Granilite:<\/h2>\n\n\n\n<p class=\"has-text-align-center\">3 <strong>Diferen\u00e7as e benef\u00edcios da Restaura\u00e7\u00e3o em Brilho natural vs. Brilho Resina: <\/strong><\/p>\n\n\n\n<figure class=\"wp-block-image size-large\"><img loading=\"lazy\" decoding=\"async\" width=\"800\" height=\"533\" src=\"https:\/\/jocaobras.com\/wp-content\/uploads\/2021\/07\/adobestock_119569383-1.jpeg?w=750\" alt=\"\" class=\"wp-image-93\" srcset=\"https:\/\/jocaobras.com\/wp-content\/uploads\/2021\/07\/adobestock_119569383-1.jpeg 800w, https:\/\/jocaobras.com\/wp-content\/uploads\/2021\/07\/adobestock_119569383-1-300x200.jpeg 300w, https:\/\/jocaobras.com\/wp-content\/uploads\/2021\/07\/adobestock_119569383-1-768x512.jpeg 768w\" sizes=\"auto, (max-width: 800px) 100vw, 800px\" \/><figcaption class=\"wp-element-caption\">Exterior black stone floor cleaning with polishing machine and chemical<\/figcaption><\/figure>\n\n\n\n<p><strong><span style=\"text-decoration:underline;\">Brilho natural:&nbsp;<\/span><\/strong><\/p>\n\n\n\n<ol class=\"wp-block-list\">\n\n<li>Brilho natural (<strong>sem uso de resinas<\/strong>) por meio de lapida\u00e7\u00e3o com lixas diamantadas&nbsp;<\/li>\n\n\n<li><strong>2X<\/strong> mais durabilidade do que brilho resina<\/li>\n\n\n<li>Processo avan\u00e7ado exclusivo remove <strong>at\u00e9 99% de manchas, riscos e porosidades*<\/strong><\/li>\n\n<\/ol>\n\n\n\n<p><strong><span style=\"text-decoration:underline;\">Brilho resina:&nbsp;<\/span><\/strong><\/p>\n\n\n\n<ol class=\"wp-block-list\">\n\n<li>Menor custo&nbsp;<\/li>\n\n\n<li>Limpeza profunda de sujeiras, manchas leves e redu\u00e7\u00e3o de porosidades<\/li>\n\n\n<li>Brilho em resina e impermeabilizantes<\/li>\n\n<\/ol>\n\n\n\n<div class=\"wp-block-buttons is-layout-flex wp-block-buttons-is-layout-flex\">\n<div class=\"wp-block-button\"><a class=\"wp-block-button__link wp-element-button\">Converse com polidor j\u00e1!<\/a><\/div>\n<\/div>\n\n\n\n<div style=\"height:100px\" aria-hidden=\"true\" class=\"wp-block-spacer\"><\/div>\n\n\n\n<h2 class=\"has-text-align-center wp-block-heading\" id=\"beneficios-de-nossa-restauracao-de-granilite-em-brilho-natural\">Benef\u00edcios de nossa Restaura\u00e7\u00e3o de Granilite em Brilho Natural<\/h2>\n\n\n\n<hr class=\"wp-block-separator has-css-opacity\"\/>\n\n\n\n<p><strong>Nosso tratamento em brilho natural <\/strong>remove at\u00e9 99% de manchas e riscos superficiais do seu granilite. <\/p>\n\n\n\n<figure class=\"wp-block-image size-large\"><img loading=\"lazy\" decoding=\"async\" width=\"800\" height=\"450\" src=\"https:\/\/jocaobras.com\/wp-content\/uploads\/2021\/07\/adobestock_73724486-e1632269852820.jpeg?w=800\" alt=\"\" class=\"wp-image-84\" srcset=\"https:\/\/jocaobras.com\/wp-content\/uploads\/2021\/07\/adobestock_73724486-e1632269852820.jpeg 800w, https:\/\/jocaobras.com\/wp-content\/uploads\/2021\/07\/adobestock_73724486-e1632269852820-300x169.jpeg 300w, https:\/\/jocaobras.com\/wp-content\/uploads\/2021\/07\/adobestock_73724486-e1632269852820-768x432.jpeg 768w\" sizes=\"auto, (max-width: 800px) 100vw, 800px\" \/><\/figure>\n\n\n\n<p>1.<strong> <strong>Se<\/strong>u Granilite<\/strong> <strong>sem manchas.<\/strong>  Nosso restaura\u00e7\u00e3o \u00e9 realizado com <strong>lixas diamantadas ultra-fortes na remo\u00e7\u00e3o <\/strong>de<strong>&nbsp;riscos, encardidos<\/strong>, porosidades superficiais com&nbsp;at\u00e9 99% de efic\u00e1cia! <\/p>\n\n\n\n<p>2.<strong>&nbsp;Seu Granilite<\/strong>&nbsp;<strong>protegido.<\/strong>&nbsp;Nosso processo de polimento \u00e9 hidrofugante e proteje seu granilite diminuindo a absor\u00e7\u00e3o de l\u00edquidos e aumentando a durabilidade da sua pedra.&nbsp;<\/p>\n\n\n\n<p>3.&nbsp;<strong>Seu Granilite&nbsp;brilhoso.<\/strong>&nbsp;Nosso polimento de granilite em brilho natural \u00e9 realizado com m\u00e1quina industrial e \u00e9 poderoso da recupera\u00e7\u00e3o do brilho natural do seu granilite.  <\/p>\n\n\n\n<p>Pronto para renovar seu ambiente e valorizar sua pedra?<strong> Entre em contato hoje com nosso polidor, Santana, ligue:<\/strong><\/p>\n\n\n\n<div class=\"wp-block-buttons is-layout-flex wp-block-buttons-is-layout-flex\">\n<div class=\"wp-block-button\"><a class=\"wp-block-button__link wp-element-button\">96799-9978<\/a><\/div>\n<\/div>\n<\/div>\n<\/div>\n\n\n\n<div style=\"height:90px\" aria-hidden=\"true\" class=\"wp-block-spacer\"><\/div>\n\n\n\n<h2 class=\"has-text-align-center wp-block-heading\" id=\"entre-em-contato-conosco\">Entre em contato conosco! <\/h2>\n\n\n\n<hr class=\"wp-block-separator has-css-opacity\"\/>\n\n\n\n<p>Preencha o formul\u00e1rio e nosso polidor profissional vai entrar em contato com voc\u00ea assim que poss\u00edvel<strong> ou nos chame nos WhatsApp (11) 96799-9978<\/strong><\/p>\n\n\n\n<div class=\"wp-block-jetpack-contact-form\">\n\n\n\n\n\n\n\n<p><\/p>\n\n<\/div>\n<\/div><\/div>\n\n\n\n<h2 class=\"wp-block-heading\"> <\/h2>\n\n\n\n<p><\/p>\n\n\n\n<div class=\"wp-block-group alignfull\"><div class=\"wp-block-group__inner-container is-layout-flow wp-block-group-is-layout-flow\">\n<div style=\"height:32px\" aria-hidden=\"true\" class=\"wp-block-spacer\"><\/div>\n\n\n\n<h2 class=\"has-text-align-center wp-block-heading\" id=\"nosso-diferencial\">Nosso diferencial <\/h2>\n\n\n\n<hr class=\"wp-block-separator has-css-opacity\"\/>\n\n\n\n<div class=\"wp-block-media-text alignwide is-stacked-on-mobile is-image-fill\"><figure class=\"wp-block-media-text__media\" style=\"background-image:url(https:\/\/jocaobras.com\/wp-content\/uploads\/2021\/07\/adobestock_227824546.jpeg?w=800);background-position:44% 53%\"><img loading=\"lazy\" decoding=\"async\" width=\"800\" height=\"534\" src=\"https:\/\/jocaobras.com\/wp-content\/uploads\/2021\/07\/adobestock_227824546.jpeg?w=800\" alt=\"\" class=\"wp-image-96 size-large\" srcset=\"https:\/\/jocaobras.com\/wp-content\/uploads\/2021\/07\/adobestock_227824546.jpeg 800w, https:\/\/jocaobras.com\/wp-content\/uploads\/2021\/07\/adobestock_227824546-300x200.jpeg 300w, https:\/\/jocaobras.com\/wp-content\/uploads\/2021\/07\/adobestock_227824546-768x513.jpeg 768w\" sizes=\"auto, (max-width: 800px) 100vw, 800px\" \/><\/figure><div class=\"wp-block-media-text__content\">\n<div style=\"height:32px\" aria-hidden=\"true\" class=\"wp-block-spacer\"><\/div>\n\n\n\n<h3 class=\"wp-block-heading\" id=\"sua-pedra-limpa-brilhosa-atrativa\">Sua Pedra Limpa. Brilhosa. Atrativa!<\/h3>\n\n\n\n<p>Aqui na Joca Obras, nossa meta \u00e9 dar vida a seu espa\u00e7o. <strong>Nosso diferencial:<\/strong><\/p>\n\n\n\n<ul class=\"wp-block-list\">\n\n<li> A Joca Obras \u00e9&nbsp;regularizada e oferece <span style=\"text-decoration:underline;\">nota fiscal eletr\u00f4nica.<\/span> <\/li>\n\n<\/ul>\n\n\n\n<ul class=\"wp-block-list\">\n\n<li><strong>30 anos de experi\u00eancia em recupera\u00e7\u00e3o de brilho<\/strong><span style=\"text-decoration:underline;\"> e remo\u00e7\u00e3o de manchas<\/span> <\/li>\n\n<\/ul>\n\n\n\n<ul class=\"wp-block-list\">\n\n<li>Trabalhamos com <span style=\"text-decoration:underline;\">m\u00e1quinas industriais poderosas <\/span>na restaura\u00e7\u00e3o de pisos.<\/li>\n\n<\/ul>\n\n\n\n<ul class=\"wp-block-list\">\n\n<li><strong>Atendimento direto com Especialista por WhatsApp<\/strong><\/li>\n\n<\/ul>\n\n\n\n<ul class=\"wp-block-list\">\n\n<li><strong>Or\u00e7amento por telefone <\/strong>para servi\u00e7os<strong> <\/strong>pequenos<strong> e Visita Gr\u00e1tis <\/strong>para servi\u00e7o grandes<\/li>\n\n<\/ul>\n\n\n\n<p><strong>Pe\u00e7a seu or\u00e7amento agora por WhatsApp:<\/strong><\/p>\n\n\n\n<div class=\"wp-block-buttons alignfull is-layout-flex wp-block-buttons-is-layout-flex\">\n<div class=\"wp-block-button\"><a class=\"wp-block-button__link wp-element-button\" href=\"https:\/\/api.whatsapp.com\/send?phone=5511967999978\">96799-9978<\/a><\/div>\n<\/div>\n\n\n\n<div style=\"height:32px\" aria-hidden=\"true\" class=\"wp-block-spacer\"><\/div>\n<\/div><\/div>\n\n\n\n<div style=\"height:87px\" aria-hidden=\"true\" class=\"wp-block-spacer\"><\/div>\n\n\n\n<h2 class=\"has-text-align-center wp-block-heading\" id=\"depoimentos\">Depoimentos<\/h2>\n\n\n\n<hr class=\"wp-block-separator has-css-opacity\"\/>\n\n\n\n<div class=\"wp-block-columns alignwide margin-top-none is-layout-flex wp-container-core-columns-is-layout-2 wp-block-columns-is-layout-flex\">\n<div class=\"wp-block-column is-layout-flow wp-block-column-is-layout-flow\">\n<figure class=\"wp-block-jetpack-rating-star margin-bottom-half\" style=\"text-align:center;\"><span>\u2605<\/span><span>\u2605<\/span><span>\u2605<\/span><span>\u2605<\/span><span>\u2605<\/span><\/figure>\n\n\n\n<p class=\"has-text-align-center margin-top-half\"><strong>Univar Brasil: &#8220;Servi\u00e7o altamente Profissional&#8221;<\/strong><\/p>\n\n\n\n<p class=\"has-text-align-center margin-bottom-none has-small-font-size\">&#8220;Empresa s\u00e9ria e competente, dif\u00edcil de encontrar algu\u00e9m assim no mercado. Servi\u00e7o r\u00e1pido, limpo e altamente profissional. Qualidade assegurada. Recomendo a todos. J\u00e1 fiz v\u00e1rios trabalhos com eles e me sinto muito seguro, principalmente com os pre\u00e7os praticados.&#8221;<\/p>\n\n\n\n<p class=\"has-text-align-center margin-top-none has-small-font-size\"><strong>Univar Brasil &#8211; Douglas Coelho<\/strong><\/p>\n<\/div>\n\n\n\n<div class=\"wp-block-column is-layout-flow wp-block-column-is-layout-flow\">\n<figure class=\"wp-block-jetpack-rating-star margin-bottom-half\" style=\"text-align:center;\"><span>\u2605<\/span><span>\u2605<\/span><span>\u2605<\/span><span>\u2605<\/span><span>\u2605<\/span><\/figure>\n\n\n\n<p class=\"has-text-align-center margin-top-half\"><strong>Marinha de S\u00e3o Paulo<\/strong>: <strong>&#8220;Profissionais atentos&#8221;<\/strong><\/p>\n\n\n\n<p class=\"has-text-align-center margin-bottom-none has-small-font-size\">&#8220;Reforma realizada na cantina localizada no&nbsp;Centro Tecnol\u00f3gico da Marinha&nbsp;em S\u00e3o Paulo, respeitando o&nbsp;<strong>prazo determinado<\/strong>, material de boa qualidade, pre\u00e7o na m\u00e9dia do mercado, profissionais atentos e educados, cumprindo aquilo que foi determinado.&#8221;<\/p>\n\n\n\n<p class=\"has-text-align-center margin-top-none has-small-font-size\"><strong>Marinha de S\u00e3o Paulo &#8211;<\/strong> <strong>Amilson Ribeiro<\/strong><\/p>\n<\/div>\n\n\n\n<div class=\"wp-block-column is-layout-flow wp-block-column-is-layout-flow\">\n<figure class=\"wp-block-jetpack-rating-star margin-bottom-half\" style=\"text-align:center;\"><span>\u2605<\/span><span>\u2605<\/span><span>\u2605<\/span><span>\u2605<\/span><span>\u2605<\/span><\/figure>\n\n\n\n<p class=\"has-text-align-center margin-top-half\"><strong>HJ Brasil: &#8220;Atendimento de excel\u00eancia&#8221;<\/strong><\/p>\n\n\n\n<p class=\"has-small-font-size\">&#8220;Sempre conto com a presteza dos servi\u00e7os do Joca Obras.&nbsp;Atendimento de excel\u00eancia, honestidade, pre\u00e7o justo e rapidez. Super recomendo&#8221;.<\/p>\n\n\n\n<p class=\"has-text-align-center margin-top-none has-small-font-size\"><strong>Herika- HJ Entregas<\/strong><\/p>\n<\/div>\n<\/div>\n\n\n\n<div style=\"height:32px\" aria-hidden=\"true\" class=\"wp-block-spacer\"><\/div>\n<\/div><\/div>\n\n\n\n<h2 class=\"has-text-align-center wp-block-heading\" id=\"obras-realizadas\">Obras Realizadas<\/h2>\n\n\n\n<hr class=\"wp-block-separator has-css-opacity\"\/>\n\n\n\n<p>J\u00e1 fizemos v\u00e1rios trabalhos (pequeno, m\u00e9dio e grande) com empresas renomeadas no mercado, resid\u00eancias e condom\u00ednios, igrejas e mais.<\/p>\n\n\n\n<div class=\"wp-block-cover alignwide is-light\"><span aria-hidden=\"true\" class=\"wp-block-cover__background has-background-dim-30 has-background-dim\"><\/span><img loading=\"lazy\" decoding=\"async\" width=\"940\" height=\"788\" class=\"wp-block-cover__image-background wp-image-300\" alt=\"\" src=\"https:\/\/jocaobras.com\/wp-content\/uploads\/2021\/09\/unear-2.png\" style=\"object-position:57% 85%\" data-object-fit=\"cover\" data-object-position=\"57% 85%\" srcset=\"https:\/\/jocaobras.com\/wp-content\/uploads\/2021\/09\/unear-2.png 940w, https:\/\/jocaobras.com\/wp-content\/uploads\/2021\/09\/unear-2-300x251.png 300w, https:\/\/jocaobras.com\/wp-content\/uploads\/2021\/09\/unear-2-768x644.png 768w\" sizes=\"auto, (max-width: 940px) 100vw, 940px\" \/><div class=\"wp-block-cover__inner-container is-layout-flow wp-block-cover-is-layout-flow\">\n<h2 class=\"has-text-align-center margin-top-half wp-block-heading\">                <\/h2>\n\n\n\n<div style=\"height:32px\" aria-hidden=\"true\" class=\"wp-block-spacer\"><\/div>\n<\/div><\/div>\n\n\n\n<div class=\"wp-block-buttons is-layout-flex wp-block-buttons-is-layout-flex\">\n<div class=\"wp-block-button\"><a class=\"wp-block-button__link wp-element-button\" href=\"https:\/\/api.whatsapp.com\/send?phone=5511967999978\">Pe\u00e7a or\u00e7amento por Whats<\/a><\/div>\n<\/div>\n\n\n\n<div style=\"height:160px\" aria-hidden=\"true\" class=\"wp-block-spacer\"><\/div>\n\n\n\n<h2 class=\"has-text-align-center wp-block-heading\" id=\"pronto-para-restaurar-a-beleza-de-seu-piso\">Pronto para restaurar a beleza de seu piso?<\/h2>\n\n\n\n<hr class=\"wp-block-separator has-css-opacity\"\/>\n\n\n\n<p>Aqui na Joca Obras, a gente odeia sujeiras e amamos limpeza! <strong>Temos Orgulho do nosso sistema que remove manchas com efic\u00e1cia e devolve o brilho m\u00e1ximo do seu piso.<\/strong><\/p>\n\n\n\n<figure class=\"wp-block-image size-large\"><img loading=\"lazy\" decoding=\"async\" width=\"1600\" height=\"900\" src=\"https:\/\/jocaobras.com\/wp-content\/uploads\/2021\/08\/copy-of-how-it-started-funny-dogs-comparison-photo-meme.png?w=750\" alt=\"\" class=\"wp-image-150\" srcset=\"https:\/\/jocaobras.com\/wp-content\/uploads\/2021\/08\/copy-of-how-it-started-funny-dogs-comparison-photo-meme.png 1600w, https:\/\/jocaobras.com\/wp-content\/uploads\/2021\/08\/copy-of-how-it-started-funny-dogs-comparison-photo-meme-300x169.png 300w, https:\/\/jocaobras.com\/wp-content\/uploads\/2021\/08\/copy-of-how-it-started-funny-dogs-comparison-photo-meme-1024x576.png 1024w, https:\/\/jocaobras.com\/wp-content\/uploads\/2021\/08\/copy-of-how-it-started-funny-dogs-comparison-photo-meme-768x432.png 768w, https:\/\/jocaobras.com\/wp-content\/uploads\/2021\/08\/copy-of-how-it-started-funny-dogs-comparison-photo-meme-1536x864.png 1536w\" sizes=\"auto, (max-width: 1600px) 100vw, 1600px\" \/><\/figure>\n\n\n\n<p><strong>Veja fotos do nosso trabalho no Facebook ou Instagram:<\/strong><\/p>\n\n\n\n<ul class=\"wp-block-social-links is-layout-flex wp-block-social-links-is-layout-flex\"><li class=\"wp-social-link wp-social-link-facebook  wp-block-social-link\"><a href=\"https:\/\/www.facebook.com\/jocaobras\" class=\"wp-block-social-link-anchor\"><svg width=\"24\" height=\"24\" viewBox=\"0 0 24 24\" version=\"1.1\" xmlns=\"http:\/\/www.w3.org\/2000\/svg\" aria-hidden=\"true\" focusable=\"false\"><path d=\"M12 2C6.5 2 2 6.5 2 12c0 5 3.7 9.1 8.4 9.9v-7H7.9V12h2.5V9.8c0-2.5 1.5-3.9 3.8-3.9 1.1 0 2.2.2 2.2.2v2.5h-1.3c-1.2 0-1.6.8-1.6 1.6V12h2.8l-.4 2.9h-2.3v7C18.3 21.1 22 17 22 12c0-5.5-4.5-10-10-10z\"><\/path><\/svg><span class=\"wp-block-social-link-label screen-reader-text\">Facebook<\/span><\/a><\/li>\n\n<li class=\"wp-social-link wp-social-link-instagram  wp-block-social-link\"><a href=\"https:\/\/www.instagram.com\/jocaobras\/\" class=\"wp-block-social-link-anchor\"><svg width=\"24\" height=\"24\" viewBox=\"0 0 24 24\" version=\"1.1\" xmlns=\"http:\/\/www.w3.org\/2000\/svg\" aria-hidden=\"true\" focusable=\"false\"><path d=\"M12,4.622c2.403,0,2.688,0.009,3.637,0.052c0.877,0.04,1.354,0.187,1.671,0.31c0.42,0.163,0.72,0.358,1.035,0.673 c0.315,0.315,0.51,0.615,0.673,1.035c0.123,0.317,0.27,0.794,0.31,1.671c0.043,0.949,0.052,1.234,0.052,3.637 s-0.009,2.688-0.052,3.637c-0.04,0.877-0.187,1.354-0.31,1.671c-0.163,0.42-0.358,0.72-0.673,1.035 c-0.315,0.315-0.615,0.51-1.035,0.673c-0.317,0.123-0.794,0.27-1.671,0.31c-0.949,0.043-1.233,0.052-3.637,0.052 s-2.688-0.009-3.637-0.052c-0.877-0.04-1.354-0.187-1.671-0.31c-0.42-0.163-0.72-0.358-1.035-0.673 c-0.315-0.315-0.51-0.615-0.673-1.035c-0.123-0.317-0.27-0.794-0.31-1.671C4.631,14.688,4.622,14.403,4.622,12 s0.009-2.688,0.052-3.637c0.04-0.877,0.187-1.354,0.31-1.671c0.163-0.42,0.358-0.72,0.673-1.035 c0.315-0.315,0.615-0.51,1.035-0.673c0.317-0.123,0.794-0.27,1.671-0.31C9.312,4.631,9.597,4.622,12,4.622 M12,3 C9.556,3,9.249,3.01,8.289,3.054C7.331,3.098,6.677,3.25,6.105,3.472C5.513,3.702,5.011,4.01,4.511,4.511 c-0.5,0.5-0.808,1.002-1.038,1.594C3.25,6.677,3.098,7.331,3.054,8.289C3.01,9.249,3,9.556,3,12c0,2.444,0.01,2.751,0.054,3.711 c0.044,0.958,0.196,1.612,0.418,2.185c0.23,0.592,0.538,1.094,1.038,1.594c0.5,0.5,1.002,0.808,1.594,1.038 c0.572,0.222,1.227,0.375,2.185,0.418C9.249,20.99,9.556,21,12,21s2.751-0.01,3.711-0.054c0.958-0.044,1.612-0.196,2.185-0.418 c0.592-0.23,1.094-0.538,1.594-1.038c0.5-0.5,0.808-1.002,1.038-1.594c0.222-0.572,0.375-1.227,0.418-2.185 C20.99,14.751,21,14.444,21,12s-0.01-2.751-0.054-3.711c-0.044-0.958-0.196-1.612-0.418-2.185c-0.23-0.592-0.538-1.094-1.038-1.594 c-0.5-0.5-1.002-0.808-1.594-1.038c-0.572-0.222-1.227-0.375-2.185-0.418C14.751,3.01,14.444,3,12,3L12,3z M12,7.378 c-2.552,0-4.622,2.069-4.622,4.622S9.448,16.622,12,16.622s4.622-2.069,4.622-4.622S14.552,7.378,12,7.378z M12,15 c-1.657,0-3-1.343-3-3s1.343-3,3-3s3,1.343,3,3S13.657,15,12,15z M16.804,6.116c-0.596,0-1.08,0.484-1.08,1.08 s0.484,1.08,1.08,1.08c0.596,0,1.08-0.484,1.08-1.08S17.401,6.116,16.804,6.116z\"><\/path><\/svg><span class=\"wp-block-social-link-label screen-reader-text\">Instagram<\/span><\/a><\/li><\/ul>\n\n\n\n<div class=\"wp-block-buttons is-layout-flex wp-block-buttons-is-layout-flex\">\n<div class=\"wp-block-button\"><a class=\"wp-block-button__link wp-element-button\" href=\"https:\/\/api.whatsapp.com\/send?phone=5511967999978\">96799-9978<\/a><\/div>\n<\/div>\n\n\n\n<div style=\"height:100px\" aria-hidden=\"true\" class=\"wp-block-spacer\"><\/div>\n\n\n\n<h2 class=\"has-text-align-center wp-block-heading\" id=\"quem-somos\">Quem Somos<\/h2>\n\n\n\n<hr class=\"wp-block-separator has-css-opacity\"\/>\n\n\n\n<div class=\"wp-block-media-text alignwide is-stacked-on-mobile\"><figure class=\"wp-block-media-text__media\"><img decoding=\"async\" src=\"https:\/\/reformasjoca.files.wordpress.com\/2021\/09\/piedmont-park-11.jpg?w=750\" alt=\"\" class=\"wp-image-329 size-full\"\/><\/figure><div class=\"wp-block-media-text__content\">\n<p><strong>Somos da \u00e9poca que arrumar \u00e9 melhor do que jogar fora.<\/strong><\/p>\n\n\n\n<p>Somos uma empresa de fam\u00edlia, e sua obra ser\u00e1 realizada com dedica\u00e7\u00e3o, profissionalismo e qualidade. <a href=\"https:\/\/reformasjoca.wordpress.com\/nossa-historia\/\">Leia nossa hist\u00f3ria<\/a> para saber como tudo come\u00e7ou.&nbsp;<\/p>\n\n\n\n<div class=\"wp-block-buttons is-layout-flex wp-block-buttons-is-layout-flex\">\n<div class=\"wp-block-button\"><a class=\"wp-block-button__link wp-element-button\" href=\"https:\/\/reformasjoca.wordpress.com\/about-me\/\">Nossa Hist\u00f3ria<\/a><\/div>\n<\/div>\n\n\n\n<p><strong>Ligue e converse com nosso polidor hoje!<\/strong> <strong>96799-9978<\/strong><\/p>\n<\/div><\/div>\n\n\n\n<div class=\"wp-block-columns alignwide are-vertically-aligned-top is-not-stacked-on-mobile is-layout-flex wp-container-core-columns-is-layout-3 wp-block-columns-is-layout-flex\">\n<div class=\"wp-block-column is-layout-flow wp-block-column-is-layout-flow\" style=\"flex-basis:50%\">\n<p>&nbsp;<\/p>\n<\/div>\n<\/div>\n","protected":false},"excerpt":{"rendered":"<p>Restaura\u00e7\u00e3o de Granilite Seu granilite arranhou, manchou e perdeu o brilho? O granilite por ser poroso \u00e9 suscet\u00edvel as manchas e perca do brilho. Nosso tratamento exclusivo \u00e9 poderoso no tratamento de manchas e recupera\u00e7\u00e3o de brilho. Servi\u00e7os Sobre nosso processo de restaura\u00e7\u00e3o de brilho e remo\u00e7\u00e3o de manchas: Tipos de Restaura\u00e7\u00e3o Granilite: 3 Diferen\u00e7as<a class=\"more-link\" href=\"https:\/\/jocaobras.com\/index.php\/restauracao-de-granilite\/\">Continue reading <span class=\"screen-reader-text\">&#8220;Restaura\u00e7\u00e3o de Granilite&#8221;<\/span><\/a><\/p>\n","protected":false},"author":1,"featured_media":0,"parent":0,"menu_order":0,"comment_status":"closed","ping_status":"closed","template":"","meta":{"om_disable_all_campaigns":false,"_monsterinsights_skip_tracking":false,"_monsterinsights_sitenote_active":false,"_monsterinsights_sitenote_note":"","_monsterinsights_sitenote_category":0,"footnotes":""},"class_list":["post-336","page","type-page","status-publish","hentry","entry"],"_links":{"self":[{"href":"https:\/\/jocaobras.com\/index.php\/wp-json\/wp\/v2\/pages\/336","targetHints":{"allow":["GET"]}}],"collection":[{"href":"https:\/\/jocaobras.com\/index.php\/wp-json\/wp\/v2\/pages"}],"about":[{"href":"https:\/\/jocaobras.com\/index.php\/wp-json\/wp\/v2\/types\/page"}],"author":[{"embeddable":true,"href":"https:\/\/jocaobras.com\/index.php\/wp-json\/wp\/v2\/users\/1"}],"replies":[{"embeddable":true,"href":"https:\/\/jocaobras.com\/index.php\/wp-json\/wp\/v2\/comments?post=336"}],"version-history":[{"count":1,"href":"https:\/\/jocaobras.com\/index.php\/wp-json\/wp\/v2\/pages\/336\/revisions"}],"predecessor-version":[{"id":511,"href":"https:\/\/jocaobras.com\/index.php\/wp-json\/wp\/v2\/pages\/336\/revisions\/511"}],"wp:attachment":[{"href":"https:\/\/jocaobras.com\/index.php\/wp-json\/wp\/v2\/media?parent=336"}],"curies":[{"name":"wp","href":"https:\/\/api.w.org\/{rel}","templated":true}]}}